 12.
9670b
122293 (base 13) to base 4
1221301303
16a291 (base 13) to base 16
89f5d
What is -121110122201022 (base 3) in base 12?
-2b20ab2
-37653 (base 8) to base 6
-203243
-212232141 (base 5) to base 6
-31134130
What is 2301022 (base 4) in base 15?
355d
-141212420 (base 5) to base 3
-1100212212100
Convert 22044b (base 12) to base 16.
83c7b
What is 1293836 (base 11) in base 13?
6012a9
Convert -152180 (base 9) to base 11.
-64249
Convert -20212133 (base 4) to base 6.
-431035
Convert 11300044 (base 5) to base 13.
37c47
Convert -10136 (base 10) to base 6.
-114532
-21404 (base 10) to base 3
-1002100202
Convert 343266 (base 13) to base 12.
4b6940
-4030201134 (base 5) to base 13
-188c782
-2040a19 (base 11) to base 15
-4b27e6
Convert 29339 (base 10) to base 12.
14b8b
Convert -1121120130 (base 4) to base 14.
-975c8
Convert -1152711 (base 9) to base 3.
-1011202210101
What is -102020303 (base 4) in base 13?
-27a79
-255394 (base 12) to base 7
-5121652
What is 203952 (base 10) in base 16?
31cb0
625180 (base 9) to base 7
3104154
What is 664543 (base 7) in base 2?
11100100010100000
Convert 1732274 (base 9) to base 2.
11101011111000001010
-204240 (base 6) to base 8
-40200
Convert -176479 (base 10) to base 12.
-86167
151402636 (base 7) to base 3
200221112020201
-10510868 (base 10) to base 9
-21700172
What is -10032310 (base 5) in base 3?
-11002012012
-545642 (base 7) to base 11
-65980
What is -54565 (base 9) in base 12?
-18b35
-120101302 (base 4) to base 8
-302162
What is ded9 (base 16) in base 4?
31323121
200002002002 (base 4) to base 8
40020202
-773296 (base 13) to base 10
-2806030
What is -117212 (base 14) in base 12?
-2489a8
What is 100101101000110111100 (base 2) in base 16?
12d1bc
What is 1022021122120022 (base 3) in base 7?
315244463
114131002 (base 5) to base 12
21a4a1
Convert 2513555 (base 6) to base 13.
491c9
What is 224213110 (base 5) in base 2?
11110101111010110000
Convert -1d74b (base 16) to base 14.
-31d7d
-110111220010 (base 3) to base 8
-741064
45666324 (base 7) to base 15
540243
Convert 2033320020 (base 4) to base 13.
178314
What is 1112102010210 (base 3) in base 8?
3070024
Convert -3638093 (base 11) to base 6.
-343443434
What is 112877 (base 10) in base 4?
123203231
Convert 38c6b (base 16) to base 15.
48d8a
What is -1101001001101000110 (base 2) in base 4?
-1221031012
What is -412a0b (base 14) in base 13?
-5bc102
157606 (base 11) to base 16
3ba51
Convert 5135034 (base 7) to base 4.
2111321223
-2231102102 (base 4) to base 10
-709778
-10101101001011001010110 (base 2) to base 12
-1a97a9a
What is -17293 (base 15) in base 5?
-4343323
Convert 499b1b (base 12) to base 10.
1199111
Convert -3932536 (base 10) to base 6.
-220142104
Convert -60042 (base 10) to base 9.
-101323
Convert a425 (base 16) to base 2.
1010010000100101
210012021201210 (base 3) to base 6
1041233333
-37e75f (base 16) to base 9
-6803600
-21314 (base 10) to base 8
-51502
-4760066 (base 8) to base 15
-1aae3c
What is 3084a0 (base 11) in base 2?
1111000101100111011
Convert -1388467 (base 9) to base 12.
-310051
Convert 2352312 (base 6) to base 11.
84a06
Convert -110000011110100011 (base 2) to base 13.
-6c4c1
What is 42a93b (base 13) in base 7?
16211055
What is 24d86 (base 14) in base 2?
10110000101101010
Convert -1211102001 (base 3) to base 13.
-13519
What is -1001102012000 (base 3) in base 2?
-10001000100010101110
What is 1748812 (base 9) in base 4?
3232221233
What is -233130404 (base 6) in base 12?
-1559a04
What is -469338 (base 15) in base 8?
-14672501
27479a0 (base 12) to base 10
7810248
Convert -340413414 (base 5) to base 10.
-1497984
Convert 460322 (base 11) to base 15.
e7042
What is -10403033 (base 5) in base 10?
-91018
What is 21544 (base 7) in base 14?
1d94
-81a97b (base 12) to base 7
-23153360
What is -33310021 (base 4) in base 12?
-315a1
-7356113 (base 9) to base 15
-52aba6
20654644 (base 7) to base 4
12232011133
Convert 1a30a (base 11) to base 4.
12322210
-3111422 (base 7) to base 5
-43411320
What is 480b0 (base 13) in base 11?
90167
Convert 2082873 (base 13) to base 4.
211232003022
What is -cbc84 (base 15) in base 12?
-272821
Convert 431225 (base 6) to base 12.
18515
What is -31302403 (base 5) in base 3?
-111012021120
16a02 (base 11) to base 9
35627
Convert -351ba15 (base 12) to base 2.
-100111000100110011110001
Convert -c9750 (base 15) to base 2.
-10011100001000100101
Convert 802a8 (base 14) to base 3.
120122022112
What is -31dac (base 15) in base 12?
-77769
What is 1760814 (base 10) in base 5?
422321224
-11121111012 (base 3) to base 13
-323cc
Convert -11806237 (base 9) to base 10.
-5791372
-18431147 (base 10) to base 9
-37611702
17b159 (base 12) to base 5
101210310
Convert 10122020222002 (base 3) to base 6.
105241432
-1e88e (base 16) to base 8
-364216
559dd (base 16) to base 6
11303313
Convert 54246 (base 11) to base 7.
445541
Convert -110101111010010011 (base 2) to base 13.
-79681
What is -23540015 (base 6) in base 13?
-2007b3
What is -120323032 (base 4) in base 10?
-102094
Convert -40771732 (base 8) to base 12.
-2a9050a
Convert -7bab4 (base 13) to base 15.
-46e21
237c (base 15) to base 12
4446
Convert -56a9a (base 14) to base 12.
-a1a94
What is -15b4 (base 12) in base 13?
-123a
-441310433 (base 5) to base 16
-1d00c7
-3311331424 (base 5) to base 8
-33162351
Convert 3564260 (base 7) to base 9.
760232
What is -5081575 (base 9) in base 7?
-32020325
What is 51177010 (base 8) in base 5?
10232003221
-27bb8 (base 16) to base 15
-33349
What is -376dd3 (base 15) in base 8?
-12103201
198846 (base 11) to base 14
7cd70
-2340213240 (base 5) to base 16
-525db9
What is 16807a3 (base 11) in base 6?
141114003
Convert 470263 (base 10) to base 13.
136081
Convert -74593 (base 16) to base 11.
-2a605a
What is -1aa4868 (base 13) in base 3?
-121121220010112
Convert -2c8b3 (base 13) to base 14.
-22d84
Convert -2322230031 (base 4) to base 14.
-15c965
What is -111000110010111001 (base 2) in base 11?
-149865
273ba (base 15) to base 5
13010400
-11130332022 (base 4) to base 10
-1429386
-1064084 (base 10) to base 9
-2001575
What is -13216222 (base 7) in base 2?
-100101000100011010101
What is 316116 (base 8) in base 7?
616504
What is -343313325 (base 6) in base 16?
-607ef5
Convert -1370b77 (base 14) to base 3.
-122201021211101
Convert -732772 (base 8) to base 4.
-323113322
Convert 5637057 (base 8) to base 5.
342220442
-268230 (base 9) to base 5
-20212420
What is 44454 (base 6) in base 14?
23aa
What is 18ad90 (base 15) in base 3?
2021000201100
-350068 (base 16) to base 7
-41344600
334050 (base 8) to base 11
77727
-134093 (base 11) to base 12
-a1914
Convert -32354333 (base 7) to base 15.
-39aa9b
What is 20362 (base 16) in base 8?
401542
Convert -757943 (base 10) to base 8.
-2710267
What is -69533 (base 11) in base 8?
-304162
Convert 6e3c1 (base 16) to base 8.
1561701
-622634 (base 8) to base 11
-130a48
21741 (base 12) to base 13
171b5
7347288 (base 10) to base 5
3340103123
What is -229391 (base 16) in base 3?
-11021010100222
9ea1 (base 16) to base 14
10b29
What is 88965 (base 11) in base 5?
13111221
Convert -236204 (base 8) to base 10.
-81028
What is 59060 (base 14) in base 6?
4351552
What is -311003130 (base 4) in base 6?
-4354020
Convert 252501 (base 9) to base 16.
254bf
Convert -965244 (base 11) to base 14.
-2c2ab8
What is 299291 (base 10) in base 6?
10225335
Convert -267709 (base 10) to base 16.
-415bd
144907 (base 15) to base 13
282b62
What is -149062 (base 12) in base 13?
-c2183
-212526 (base 7) to base 2
-1001000001100110
What is -2351130 (base 6) in base 14?
-32d78
-34833a3 (base 11) to base 13
-134b827
Convert 27776715 (base 8) to base 14.
b9a857
Convert 10012221121 (base 3) to base 4.
33132121
24002222 (base 5) to base 8
653666
What is 1144431013 (base 5) in base 16?
29b4ca
12224501 (base 6) to base 2
1011111110011110101
Convert 6261356 (base 8) to base 11.
a36a89
482605 (base 14) to base 10
2465293
What is 1235355 (base 6) in base 11?
4663a
Convert -14040321 (base 5) to base 4.
-202331223
What is -23342154 (base 6) in base 11?
-458665
Convert 20002202020100 (base 3) to base 9.
6082210
-6ab59a (base 14) to base 12
-1277a58
323001 (base 8) to base 5
11424113
What is 31d002 (base 15) in base 6?
122504215
Convert 3cd26a (base 15) to base 13.
7b7876
What is 40730640 (base 8) in base 9?
17214063
-1a